[INFO] cloning repository https://github.com/SupahAmbition/timeserries-blockchain
[INFO] running `Command { std: "git" "-c" "credential.helper=" "-c" "credential.helper=/workspace/cargo-home/bin/git-credential-null" "clone" "--bare" "https://github.com/SupahAmbition/timeserries-blockchain" "/workspace/cache/git-repos/https%3A%2F%2Fgithub.com%2FSupahAmbition%2Ftimeserries-blockchain", kill_on_drop: false }`
[INFO] [stderr] Cloning into bare repository '/workspace/cache/git-repos/https%3A%2F%2Fgithub.com%2FSupahAmbition%2Ftimeserries-blockchain'...
[INFO] running `Command { std: "git" "rev-parse" "HEAD", kill_on_drop: false }`
[INFO] [stdout] a5c3f9653cd6ed1f3510c56778f2289bc0c2353e
[INFO] building SupahAmbition/timeserries-blockchain against master#881c1ac408d93bb7adaa3a51dabab9266e82eee8 for issue-85264
[INFO] running `Command { std: "git" "clone" "/workspace/cache/git-repos/https%3A%2F%2Fgithub.com%2FSupahAmbition%2Ftimeserries-blockchain" "/workspace/builds/worker-13/source", kill_on_drop: false }`
[INFO] [stderr] Cloning into '/workspace/builds/worker-13/source'...
[INFO] [stderr] done.
[INFO] validating manifest of git repo https://github.com/SupahAmbition/timeserries-blockchain on toolchain 881c1ac408d93bb7adaa3a51dabab9266e82eee8
[INFO] running `Command { std: "/workspace/cargo-home/bin/cargo" "+881c1ac408d93bb7adaa3a51dabab9266e82eee8" "metadata" "--manifest-path" "Cargo.toml" "--no-deps", kill_on_drop: false }`
[INFO] started tweaking git repo https://github.com/SupahAmbition/timeserries-blockchain
[INFO] finished tweaking git repo https://github.com/SupahAmbition/timeserries-blockchain
[INFO] tweaked toml for git repo https://github.com/SupahAmbition/timeserries-blockchain written to /workspace/builds/worker-13/source/Cargo.toml
[INFO] crate git repo https://github.com/SupahAmbition/timeserries-blockchain already has a lockfile, it will not be regenerated
[INFO] running `Command { std: "/workspace/cargo-home/bin/cargo" "+881c1ac408d93bb7adaa3a51dabab9266e82eee8" "fetch" "--manifest-path" "Cargo.toml", kill_on_drop: false }`
[INFO] [stderr]     Updating git repository `https://github.com/tomusdrw/rust-web3`
[INFO] [stderr]  Downloading crates ...
[INFO] [stderr]   Downloaded static_assertions v0.2.5
[INFO] [stderr]   Downloaded indexmap v1.1.0
[INFO] [stderr]   Downloaded primitive-types v0.3.0
[INFO] [stderr]   Downloaded hex-string v0.1.0
[INFO] [stderr]   Downloaded tokio-timer v0.1.2
[INFO] [stderr]   Downloaded publicsuffix v1.5.3
[INFO] [stderr]   Downloaded ethbloom v0.6.4
[INFO] [stderr]   Downloaded rustc-hex v2.0.1
[INFO] [stderr]   Downloaded tokio-uds v0.1.7
[INFO] [stderr]   Downloaded tokio-udp v0.1.3
[INFO] [stderr]   Downloaded rlp v0.4.2
[INFO] [stderr]   Downloaded tokio-tls v0.2.1
[INFO] [stderr]   Downloaded getrandom v0.1.10
[INFO] [stderr]   Downloaded jsonrpc-core v13.0.0
[INFO] [stderr]   Downloaded parity-codec v3.5.4
[INFO] [stderr]   Downloaded tokio-threadpool v0.1.15
[INFO] [stderr]   Downloaded tokio-reactor v0.1.9
[INFO] [stderr]   Downloaded ethabi v8.0.1
[INFO] [stderr]   Downloaded ethereum-types v0.6.0
[INFO] [stderr]   Downloaded impl-rlp v0.2.0
[INFO] [stderr]   Downloaded websocket v0.21.1
[INFO] [stderr]   Downloaded impl-serde v0.2.0
[INFO] [stderr]   Downloaded hyper v0.12.33
[INFO] [stderr]   Downloaded syn v1.0.3
[INFO] [stderr]   Downloaded fixed-hash v0.3.2
[INFO] [stderr]   Downloaded backtrace v0.3.35
[INFO] [stderr]   Downloaded impl-codec v0.2.0
[INFO] [stderr]   Downloaded futures v0.1.28
[INFO] [stderr]   Downloaded reqwest v0.9.20
[INFO] [stderr]   Downloaded uint v0.7.1
[INFO] running `Command { std: "docker" "create" "-v" "/var/lib/crater-agent-workspace/builds/worker-13/target:/opt/rustwide/target:rw,Z" "-v" "/var/lib/crater-agent-workspace/builds/worker-13/source:/opt/rustwide/workdir:ro,Z" "-v" "/var/lib/crater-agent-workspace/cargo-home:/opt/rustwide/cargo-home:ro,Z" "-v" "/var/lib/crater-agent-workspace/rustup-home:/opt/rustwide/rustup-home:ro,Z" "-e" "SOURCE_DIR=/opt/rustwide/workdir" "-e" "CARGO_TARGET_DIR=/opt/rustwide/target" "-e" "CARGO_HOME=/opt/rustwide/cargo-home" "-e" "RUSTUP_HOME=/opt/rustwide/rustup-home" "-w" "/opt/rustwide/workdir" "-m" "1610612736" "--user" "0:0" "--network" "none" "ghcr.io/rust-lang/crates-build-env/linux@sha256:20528e8c29e4536546f0102ce88568b16ea7538393a33fcca951030f7af10457" "/opt/rustwide/cargo-home/bin/cargo" "+881c1ac408d93bb7adaa3a51dabab9266e82eee8" "metadata" "--no-deps" "--format-version=1", kill_on_drop: false }`
[INFO] [stdout] 7dc65216de8a1d4bc5883132839ef2d6491be7aa7c20f2823e361d73d2dbe1b9
[INFO] [stderr] WARNING: Your kernel does not support swap limit capabilities or the cgroup is not mounted. Memory limited without swap.
[INFO] running `Command { std: "docker" "start" "-a" "7dc65216de8a1d4bc5883132839ef2d6491be7aa7c20f2823e361d73d2dbe1b9", kill_on_drop: false }`
[INFO] running `Command { std: "docker" "inspect" "7dc65216de8a1d4bc5883132839ef2d6491be7aa7c20f2823e361d73d2dbe1b9", kill_on_drop: false }`
[INFO] running `Command { std: "docker" "rm" "-f" "7dc65216de8a1d4bc5883132839ef2d6491be7aa7c20f2823e361d73d2dbe1b9", kill_on_drop: false }`
[INFO] [stdout] 7dc65216de8a1d4bc5883132839ef2d6491be7aa7c20f2823e361d73d2dbe1b9
[INFO] running `Command { std: "docker" "create" "-v" "/var/lib/crater-agent-workspace/builds/worker-13/target:/opt/rustwide/target:rw,Z" "-v" "/var/lib/crater-agent-workspace/builds/worker-13/source:/opt/rustwide/workdir:ro,Z" "-v" "/var/lib/crater-agent-workspace/cargo-home:/opt/rustwide/cargo-home:ro,Z" "-v" "/var/lib/crater-agent-workspace/rustup-home:/opt/rustwide/rustup-home:ro,Z" "-e" "SOURCE_DIR=/opt/rustwide/workdir" "-e" "CARGO_TARGET_DIR=/opt/rustwide/target" "-e" "CARGO_INCREMENTAL=0" "-e" "RUST_BACKTRACE=full" "-e" "RUSTFLAGS=--cap-lints=forbid" "-e" "CARGO_HOME=/opt/rustwide/cargo-home" "-e" "RUSTUP_HOME=/opt/rustwide/rustup-home" "-w" "/opt/rustwide/workdir" "-m" "1610612736" "--user" "0:0" "--network" "none" "ghcr.io/rust-lang/crates-build-env/linux@sha256:20528e8c29e4536546f0102ce88568b16ea7538393a33fcca951030f7af10457" "/opt/rustwide/cargo-home/bin/cargo" "+881c1ac408d93bb7adaa3a51dabab9266e82eee8" "build" "--frozen" "--message-format=json", kill_on_drop: false }`
[INFO] [stderr] WARNING: Your kernel does not support swap limit capabilities or the cgroup is not mounted. Memory limited without swap.
[INFO] [stdout] 8721f61d930cbcbcea87c6c6e96d4d7e630c547cad3e34c80e0a413f8268b77f
[INFO] running `Command { std: "docker" "start" "-a" "8721f61d930cbcbcea87c6c6e96d4d7e630c547cad3e34c80e0a413f8268b77f", kill_on_drop: false }`
[INFO] [stderr]    Compiling libc v0.2.62
[INFO] [stderr]    Compiling autocfg v0.1.6
[INFO] [stderr]    Compiling semver-parser v0.7.0
[INFO] [stderr]    Compiling smallvec v0.6.10
[INFO] [stderr]    Compiling futures v0.1.28
[INFO] [stderr]    Compiling cc v1.0.40
[INFO] [stderr]    Compiling version_check v0.1.5
[INFO] [stderr]    Compiling either v1.5.2
[INFO] [stderr]    Compiling proc-macro2 v1.0.1
[INFO] [stderr]    Compiling unicode-xid v0.2.0
[INFO] [stderr]    Compiling nodrop v0.1.13
[INFO] [stderr]    Compiling syn v1.0.3
[INFO] [stderr]    Compiling fnv v1.0.6
[INFO] [stderr]    Compiling serde v1.0.99
[INFO] [stderr]    Compiling stable_deref_trait v1.1.1
[INFO] [stderr]    Compiling matches v0.1.8
[INFO] [stderr]    Compiling scopeguard v0.3.3
[INFO] [stderr]    Compiling scopeguard v1.0.0
[INFO] [stderr]    Compiling unicode-xid v0.1.0
[INFO] [stderr]    Compiling openssl v0.10.24
[INFO] [stderr]    Compiling native-tls v0.2.3
[INFO] [stderr]    Compiling syn v0.15.44
[INFO] [stderr]    Compiling crunchy v0.2.2
[INFO] [stderr]    Compiling heapsize v0.4.2
[INFO] [stderr]    Compiling rustc-hex v2.0.1
[INFO] [stderr]    Compiling openssl-probe v0.1.2
[INFO] [stderr]    Compiling rustc-demangle v0.1.16
[INFO] [stderr]    Compiling safemem v0.3.2
[INFO] [stderr]    Compiling static_assertions v0.2.5
[INFO] [stderr]    Compiling regex-syntax v0.6.11
[INFO] [stderr]    Compiling try-lock v0.2.2
[INFO] [stderr]    Compiling traitobject v0.1.0
[INFO] [stderr]    Compiling indexmap v1.1.0
[INFO] [stderr]    Compiling crc32fast v1.2.0
[INFO] [stderr]    Compiling percent-encoding v2.1.0
[INFO] [stderr]    Compiling encoding_rs v0.8.17
[INFO] [stderr]    Compiling adler32 v1.0.3
[INFO] [stderr]    Compiling antidote v1.0.0
[INFO] [stderr]    Compiling sha1 v0.6.0
[INFO] [stderr]    Compiling dtoa v0.4.4
[INFO] [stderr]    Compiling hex-string v0.1.0
[INFO] [stderr]    Compiling rand_core v0.3.1
[INFO] [stderr]    Compiling crossbeam-utils v0.6.6
[INFO] [stderr]    Compiling unicode-bidi v0.3.4
[INFO] [stderr]    Compiling owning_ref v0.4.0
[INFO] [stderr]    Compiling lock_api v0.3.1
[INFO] [stderr]    Compiling log v0.4.8
[INFO] [stderr]    Compiling arrayvec v0.4.11
[INFO] [stderr]    Compiling proc-macro2 v0.4.30
[INFO] [stderr]    Compiling semver v0.9.0
[INFO] [stderr]    Compiling rlp v0.4.2
[INFO] [stderr]    Compiling miniz_oxide v0.3.2
[INFO] [stderr]    Compiling rand_isaac v0.1.1
[INFO] [stderr]    Compiling rand_hc v0.1.0
[INFO] [stderr]    Compiling rand_xorshift v0.1.1
[INFO] [stderr]    Compiling base64 v0.9.3
[INFO] [stderr]    Compiling unicode-normalization v0.1.8
[INFO] [stderr]    Compiling lock_api v0.1.5
[INFO] [stderr]    Compiling log v0.3.9
[INFO] [stderr]    Compiling tiny-keccak v1.5.0
[INFO] [stderr]    Compiling error-chain v0.12.1
[INFO] [stderr]    Compiling unicase v2.5.1
[INFO] [stderr]    Compiling unicase v1.4.2
[INFO] [stderr]    Compiling rand_chacha v0.1.1
[INFO] [stderr]    Compiling rand_pcg v0.1.2
[INFO] [stderr]    Compiling rand v0.6.5
[INFO] [stderr]    Compiling crossbeam-queue v0.1.2
[INFO] [stderr]    Compiling rustc_version v0.2.3
[INFO] [stderr]    Compiling mime v0.2.6
[INFO] [stderr]    Compiling impl-rlp v0.2.0
[INFO] [stderr]    Compiling uint v0.7.1
[INFO] [stderr]    Compiling quote v0.6.13
[INFO] [stderr]    Compiling parking_lot_core v0.4.0
[INFO] [stderr]    Compiling memoffset v0.5.1
[INFO] [stderr]    Compiling hyper v0.12.33
[INFO] [stderr]    Compiling parking_lot_core v0.6.2
[INFO] [stderr]    Compiling parking_lot v0.9.0
[INFO] [stderr]    Compiling quote v1.0.2
[INFO] [stderr]    Compiling mime v0.3.13
[INFO] [stderr]    Compiling openssl-sys v0.9.49
[INFO] [stderr]    Compiling backtrace-sys v0.1.31
[INFO] [stderr]    Compiling mime_guess v2.0.1
[INFO] [stderr]    Compiling iovec v0.1.2
[INFO] [stderr]    Compiling rand_os v0.1.3
[INFO] [stderr]    Compiling num_cpus v1.10.1
[INFO] [stderr]    Compiling net2 v0.2.33
[INFO] [stderr]    Compiling time v0.1.42
[INFO] [stderr]    Compiling rand v0.5.6
[INFO] [stderr]    Compiling flate2 v1.0.11
[INFO] [stderr]    Compiling bytes v0.4.12
[INFO] [stderr]    Compiling crossbeam-epoch v0.7.2
[INFO] [stderr]    Compiling mio v0.6.19
[INFO] [stderr]    Compiling idna v0.1.5
[INFO] [stderr]    Compiling idna v0.2.0
[INFO] [stderr]    Compiling tokio-executor v0.1.8
[INFO] [stderr]    Compiling tokio-sync v0.1.6
[INFO] [stderr]    Compiling futures-cpupool v0.1.8
[INFO] [stderr]    Compiling want v0.2.0
[INFO] [stderr]    Compiling tokio-timer v0.1.2
[INFO] [stderr]    Compiling crossbeam-deque v0.7.1
[INFO] [stderr]    Compiling tokio-io v0.1.12
[INFO] [stderr]    Compiling http v0.1.18
[INFO] [stderr]    Compiling string v0.2.1
[INFO] [stderr]    Compiling tokio-buf v0.1.1
[INFO] [stderr]    Compiling tokio-timer v0.2.11
[INFO] [stderr]    Compiling tokio-current-thread v0.1.6
[INFO] [stderr]    Compiling url v2.1.0
[INFO] [stderr]    Compiling mio-uds v0.6.7
[INFO] [stderr]    Compiling fixed-hash v0.3.2
[INFO] [stderr]    Compiling tokio-codec v0.1.1
[INFO] [stderr]    Compiling backtrace v0.3.35
[INFO] [stderr]    Compiling regex v1.2.1
[INFO] [stderr]    Compiling url v1.7.2
[INFO] [stderr]    Compiling hyper v0.10.16
[INFO] [stderr]    Compiling cookie v0.12.0
[INFO] [stderr]    Compiling tokio-threadpool v0.1.15
[INFO] [stderr]    Compiling uuid v0.7.4
[INFO] [stderr]    Compiling parking_lot v0.7.1
[INFO] [stderr]    Compiling tokio-fs v0.1.6
[INFO] [stderr]    Compiling tokio-reactor v0.1.9
[INFO] [stderr]    Compiling http-body v0.1.0
[INFO] [stderr]    Compiling h2 v0.1.26
[INFO] [stderr]    Compiling serde_derive v1.0.99
[INFO] [stderr]    Compiling tokio-udp v0.1.3
[INFO] [stderr]    Compiling tokio-uds v0.2.5
[INFO] [stderr]    Compiling tokio-tcp v0.1.3
[INFO] [stderr]    Compiling publicsuffix v1.5.3
[INFO] [stderr]    Compiling synstructure v0.10.2
[INFO] [stderr]    Compiling tokio v0.1.22
[INFO] [stderr]    Compiling tokio-core v0.1.17
[INFO] [stderr]    Compiling tokio-tls v0.2.1
[INFO] [stderr]    Compiling hyper-native-tls v0.3.0
[INFO] [stderr]    Compiling failure_derive v0.1.5
[INFO] [stderr]    Compiling derive_more v0.15.0
[INFO] [stderr]    Compiling tokio-uds v0.1.7
[INFO] [stderr]    Compiling websocket v0.21.1
[INFO] [stderr]    Compiling failure v0.1.5
[INFO] [stderr]    Compiling hyper-tls v0.3.2
[INFO] [stderr]    Compiling serde_json v1.0.40
[INFO] [stderr]    Compiling impl-serde v0.2.0
[INFO] [stderr]    Compiling parity-codec v3.5.4
[INFO] [stderr]    Compiling serde_urlencoded v0.5.5
[INFO] [stderr]    Compiling ethbloom v0.6.4
[INFO] [stderr]    Compiling impl-codec v0.2.0
[INFO] [stderr]    Compiling primitive-types v0.3.0
[INFO] [stderr]    Compiling jsonrpc-core v13.0.0
[INFO] [stderr]    Compiling cookie_store v0.7.0
[INFO] [stderr]    Compiling influx_db_client v0.3.6
[INFO] [stderr]    Compiling reqwest v0.9.20
[INFO] [stderr]    Compiling ethereum-types v0.6.0
[INFO] [stderr]    Compiling ethabi v8.0.1
[INFO] [stderr]    Compiling web3 v0.8.0 (https://github.com/tomusdrw/rust-web3#b2aa7336)
[INFO] [stderr]    Compiling parity_stuff v0.1.0 (/opt/rustwide/workdir)
[INFO] [stdout] warning: unused import: `Points`
[INFO] [stdout]  --> src/influx.rs:6:39
[INFO] [stdout]   |
[INFO] [stdout] 6 | use influx_db_client::{Client, Point, Points, point, Value, Precision};
[INFO] [stdout]   |                                       ^^^^^^
[INFO] [stdout]   |
[INFO] [stdout]   = note: `#[warn(unused_imports)]` on by default
[INFO] [stdout] 
[INFO] [stdout] 
[INFO] [stdout] warning: unused imports: `Future`, `Stream`
[INFO] [stdout]  --> src/types.rs:6:21
[INFO] [stdout]   |
[INFO] [stdout] 6 | use web3::futures::{Future, Stream};
[INFO] [stdout]   |                     ^^^^^^  ^^^^^^
[INFO] [stdout] 
[INFO] [stdout] 
[INFO] [stdout] warning: unused imports: `Http`, `WebSocket`
[INFO] [stdout]  --> src/types.rs:7:24
[INFO] [stdout]   |
[INFO] [stdout] 7 | use web3::transports::{Http, WebSocket}; 
[INFO] [stdout]   |                        ^^^^  ^^^^^^^^^
[INFO] [stdout] 
[INFO] [stdout] 
[INFO] [stdout] warning: use of deprecated associated function `types::web3::futures::Future::boxed`: removed without replacement, recommended to use a local extension trait or function if needed, more details in https://github.com/rust-lang-nursery/futures-rs/issues/228
[INFO] [stdout]    --> src/main.rs:308:11
[INFO] [stdout]     |
[INFO] [stdout] 308 |         ).boxed()
[INFO] [stdout]     |           ^^^^^
[INFO] [stdout]     |
[INFO] [stdout]     = note: `#[warn(deprecated)]` on by default
[INFO] [stdout] 
[INFO] [stdout] 
[INFO] [stdout] warning: unused import: `Transport`
[INFO] [stdout]  --> src/main.rs:2:24
[INFO] [stdout]   |
[INFO] [stdout] 2 | use web3::{transports, Transport}; 
[INFO] [stdout]   |                        ^^^^^^^^^
[INFO] [stdout] 
[INFO] [stdout] 
[INFO] [stdout] warning: unused variable: `eloop`
[INFO] [stdout]   --> src/main.rs:46:11
[INFO] [stdout]    |
[INFO] [stdout] 46 |     let ( eloop, ws ) = transports::WebSocket::new("wss://mainnet.infura.io/ws/v3/ad3d01e388ba4c2f95242704dd0579ae")
[INFO] [stdout]    |           ^^^^^ help: if this is intentional, prefix it with an underscore: `_eloop`
[INFO] [stdout]    |
[INFO] [stdout]    = note: `#[warn(unused_variables)]` on by default
[INFO] [stdout] 
[INFO] [stdout] 
[INFO] [stdout] warning: unused variable: `future`
[INFO] [stdout]   --> src/main.rs:54:9
[INFO] [stdout]    |
[INFO] [stdout] 54 |     let future = web3_ws.eth_subscribe()
[INFO] [stdout]    |         ^^^^^^ help: if this is intentional, prefix it with an underscore: `_future`
[INFO] [stdout] 
[INFO] [stdout] 
[INFO] [stdout] warning: unused variable: `result`
[INFO] [stdout]    --> src/main.rs:179:13
[INFO] [stdout]     |
[INFO] [stdout] 179 |         let result = influx::record_minted_card( &influx, &new_card );
[INFO] [stdout]     |             ^^^^^^ help: if this is intentional, prefix it with an underscore: `_result`
[INFO] [stdout] 
[INFO] [stdout] 
[INFO] [stdout] warning: unused variable: `web3`
[INFO] [stdout]    --> src/influx.rs:115:30
[INFO] [stdout]     |
[INFO] [stdout] 115 | pub fn move_block_to_influx( web3: &ParityHttp, influx: &InfluxHttp, block: &BlockWithTrans ) -> InfluxResult { 
[INFO] [stdout]     |                              ^^^^ help: if this is intentional, prefix it with an underscore: `_web3`
[INFO] [stdout] 
[INFO] [stdout] 
[INFO] [stdout] warning: function is never used: `get_card_info`
[INFO] [stdout]   --> src/influx.rs:18:8
[INFO] [stdout]    |
[INFO] [stdout] 18 | pub fn get_card_info( res: &Json) -> GuCardInfo { 
[INFO] [stdout]    |        ^^^^^^^^^^^^^
[INFO] [stdout]    |
[INFO] [stdout]    = note: `#[warn(dead_code)]` on by default
[INFO] [stdout] 
[INFO] [stdout] 
[INFO] [stdout] warning: function is never used: `record_card_info`
[INFO] [stdout]   --> src/influx.rs:72:8
[INFO] [stdout]    |
[INFO] [stdout] 72 | pub fn record_card_info( influx: &InfluxHttp, card: &GuCardInfo) -> Result< (), influx_db_client::error::Error> { 
[INFO] [stdout]    |        ^^^^^^^^^^^^^^^^
[INFO] [stdout] 
[INFO] [stdout] 
[INFO] [stdout] warning: function is never used: `move_current_block_to_influx`
[INFO] [stdout]   --> src/influx.rs:94:8
[INFO] [stdout]    |
[INFO] [stdout] 94 | pub fn move_current_block_to_influx( web3: &ParityHttp, influx: &InfluxHttp ) -> InfluxResult{ 
[INFO] [stdout]    |        ^^^^^^^^^^^^^^^^^^^^^^^^^^^^
[INFO] [stdout] 
[INFO] [stdout] 
[INFO] [stdout] warning: function is never used: `move_block_to_influx`
[INFO] [stdout]    --> src/influx.rs:115:8
[INFO] [stdout]     |
[INFO] [stdout] 115 | pub fn move_block_to_influx( web3: &ParityHttp, influx: &InfluxHttp, block: &BlockWithTrans ) -> InfluxResult { 
[INFO] [stdout]     |        ^^^^^^^^^^^^^^^^^^^^
[INFO] [stdout] 
[INFO] [stdout] 
[INFO] [stdout] warning: function is never used: `move_trans_to_influx`
[INFO] [stdout]    --> src/influx.rs:163:8
[INFO] [stdout]     |
[INFO] [stdout] 163 | pub fn move_trans_to_influx(  influx: &InfluxHttp, trans: &Transaction, timestamp: i64  ) -> InfluxResult {
[INFO] [stdout]     |        ^^^^^^^^^^^^^^^^^^^^
[INFO] [stdout] 
[INFO] [stdout] 
[INFO] [stdout] warning: type alias is never used: `InfluxResult`
[INFO] [stdout]  --> src/types.rs:9:1
[INFO] [stdout]   |
[INFO] [stdout] 9 | pub type InfluxResult = Result< (), influx_db_client::error::Error>;
[INFO] [stdout]   | ^^^^^^^^^^^^^^^^^^^^^^^^^^^^^^^^^^^^^^^^^^^^^^^^^^^^^^^^^^^^^^^^^^^^
[INFO] [stdout] 
[INFO] [stdout] 
[INFO] [stdout] warning: type alias is never used: `ParityWs`
[INFO] [stdout]   --> src/types.rs:12:1
[INFO] [stdout]    |
[INFO] [stdout] 12 | pub type ParityWs = web3::Web3<web3::transports::ws::WebSocket>;
[INFO] [stdout]    | ^^^^^^^^^^^^^^^^^^^^^^^^^^^^^^^^^^^^^^^^^^^^^^^^^^^^^^^^^^^^^^^^
[INFO] [stdout] 
[INFO] [stdout] 
[INFO] [stdout] warning: type alias is never used: `Transaction`
[INFO] [stdout]   --> src/types.rs:13:1
[INFO] [stdout]    |
[INFO] [stdout] 13 | pub type Transaction = web3::types::Transaction;
[INFO] [stdout]    | ^^^^^^^^^^^^^^^^^^^^^^^^^^^^^^^^^^^^^^^^^^^^^^^^
[INFO] [stdout] 
[INFO] [stdout] 
[INFO] [stdout] warning: type alias is never used: `BlockWithTrans`
[INFO] [stdout]   --> src/types.rs:14:1
[INFO] [stdout]    |
[INFO] [stdout] 14 | pub type BlockWithTrans = web3::types::Block<web3::types::Transaction>;
[INFO] [stdout]    | ^^^^^^^^^^^^^^^^^^^^^^^^^^^^^^^^^^^^^^^^^^^^^^^^^^^^^^^^^^^^^^^^^^^^^^^
[INFO] [stdout] 
[INFO] [stdout] 
[INFO] [stdout] warning: variant is never constructed: `Plain`
[INFO] [stdout]   --> src/types.rs:33:5
[INFO] [stdout]    |
[INFO] [stdout] 33 |     Plain, 
[INFO] [stdout]    |     ^^^^^
[INFO] [stdout] 
[INFO] [stdout] 
[INFO] [stdout] warning: variant is never constructed: `Bronze`
[INFO] [stdout]   --> src/types.rs:34:5
[INFO] [stdout]    |
[INFO] [stdout] 34 |     Bronze, 
[INFO] [stdout]    |     ^^^^^^
[INFO] [stdout] 
[INFO] [stdout] 
[INFO] [stdout] warning: variant is never constructed: `Iron`
[INFO] [stdout]   --> src/types.rs:35:5
[INFO] [stdout]    |
[INFO] [stdout] 35 |     Iron, 
[INFO] [stdout]    |     ^^^^
[INFO] [stdout] 
[INFO] [stdout] 
[INFO] [stdout] warning: struct is never constructed: `GuCardInfo`
[INFO] [stdout]   --> src/types.rs:94:12
[INFO] [stdout]    |
[INFO] [stdout] 94 | pub struct GuCardInfo  {
[INFO] [stdout]    |            ^^^^^^^^^^
[INFO] [stdout] 
[INFO] [stdout] 
[INFO] [stdout] warning: function is never used: `write_past_logs`
[INFO] [stdout]    --> src/main.rs:185:4
[INFO] [stdout]     |
[INFO] [stdout] 185 | fn write_past_logs( web3: &types::ParityHttp, influx: &types::InfluxHttp ) -> () { 
[INFO] [stdout]     |    ^^^^^^^^^^^^^^^
[INFO] [stdout] 
[INFO] [stdout] 
[INFO] [stdout] warning: function is never used: `get_num_of_purchases`
[INFO] [stdout]    --> src/main.rs:271:4
[INFO] [stdout]     |
[INFO] [stdout] 271 | fn get_num_of_purchases(  factory: Option<&str> ) -> i64 { 
[INFO] [stdout]     |    ^^^^^^^^^^^^^^^^^^^^
[INFO] [stdout] 
[INFO] [stdout] 
[INFO] [stdout] warning: function is never used: `get_gu_contract_gov`
[INFO] [stdout]    --> src/main.rs:408:4
[INFO] [stdout]     |
[INFO] [stdout] 408 | fn get_gu_contract_gov() -> types::Address { 
[INFO] [stdout]     |    ^^^^^^^^^^^^^^^^^^^
[INFO] [stdout] 
[INFO] [stdout] 
[INFO] [stdout] warning: function is never used: `fill_proto_table`
[INFO] [stdout]    --> src/main.rs:414:4
[INFO] [stdout]     |
[INFO] [stdout] 414 | fn fill_proto_table() -> Result<(), reqwest::Error> { 
[INFO] [stdout]     |    ^^^^^^^^^^^^^^^^
[INFO] [stdout] 
[INFO] [stdout] 
[INFO] [stdout] warning: unused `Result` that must be used
[INFO] [stdout]    --> src/main.rs:187:5
[INFO] [stdout]     |
[INFO] [stdout] 187 | /     web3
[INFO] [stdout] 188 | |         .eth_filter()
[INFO] [stdout] 189 | |         .create_logs_filter( get_minting_filter(types::Rarity::Rare) )
[INFO] [stdout] 190 | |         .then( | filter | { 
[INFO] [stdout] ...   |
[INFO] [stdout] 201 | |                 })
[INFO] [stdout] 202 | |         }).wait(); 
[INFO] [stdout]     | |__________________^
[INFO] [stdout]     |
[INFO] [stdout]     = note: `#[warn(unused_must_use)]` on by default
[INFO] [stdout]     = note: this `Result` may be an `Err` variant, which should be handled
[INFO] [stdout] 
[INFO] [stdout] 
[INFO] [stdout] warning: variable `blockId` should have a snake case name
[INFO] [stdout]    --> src/main.rs:262:9
[INFO] [stdout]     |
[INFO] [stdout] 262 |     let blockId = web3::types::BlockId::from( block_num.as_u64() );
[INFO] [stdout]     |         ^^^^^^^ help: convert the identifier to snake case: `block_id`
[INFO] [stdout]     |
[INFO] [stdout]     = note: `#[warn(non_snake_case)]` on by default
[INFO] [stdout] 
[INFO] [stdout] 
[INFO] [stdout] warning: unused `Result` that must be used
[INFO] [stdout]    --> src/main.rs:433:17
[INFO] [stdout]     |
[INFO] [stdout] 433 |                 influx::record_card_info( &influx, &info ); 
[INFO] [stdout]     |                 ^^^^^^^^^^^^^^^^^^^^^^^^^^^^^^^^^^^^^^^^^^^
[INFO] [stdout]     |
[INFO] [stdout]     = note: this `Result` may be an `Err` variant, which should be handled
[INFO] [stdout] 
[INFO] [stdout] 
[INFO] [stdout] warning: unused `Result` that must be used
[INFO] [stdout]    --> src/influx.rs:108:9
[INFO] [stdout]     |
[INFO] [stdout] 108 |         move_trans_to_influx( &influx, tx, timestamp );
[INFO] [stdout]     |         ^^^^^^^^^^^^^^^^^^^^^^^^^^^^^^^^^^^^^^^^^^^^^^^
[INFO] [stdout]     |
[INFO] [stdout]     = note: this `Result` may be an `Err` variant, which should be handled
[INFO] [stdout] 
[INFO] [stdout] 
[INFO] [stdout] warning: 30 warnings emitted
[INFO] [stdout] 
[INFO] [stdout] 
[INFO] [stderr]     Finished dev [unoptimized + debuginfo] target(s) in 1m 53s
[INFO] running `Command { std: "docker" "inspect" "8721f61d930cbcbcea87c6c6e96d4d7e630c547cad3e34c80e0a413f8268b77f", kill_on_drop: false }`
[INFO] running `Command { std: "docker" "rm" "-f" "8721f61d930cbcbcea87c6c6e96d4d7e630c547cad3e34c80e0a413f8268b77f", kill_on_drop: false }`
[INFO] [stdout] 8721f61d930cbcbcea87c6c6e96d4d7e630c547cad3e34c80e0a413f8268b77f
[INFO] running `Command { std: "docker" "create" "-v" "/var/lib/crater-agent-workspace/builds/worker-13/target:/opt/rustwide/target:rw,Z" "-v" "/var/lib/crater-agent-workspace/builds/worker-13/source:/opt/rustwide/workdir:ro,Z" "-v" "/var/lib/crater-agent-workspace/cargo-home:/opt/rustwide/cargo-home:ro,Z" "-v" "/var/lib/crater-agent-workspace/rustup-home:/opt/rustwide/rustup-home:ro,Z" "-e" "SOURCE_DIR=/opt/rustwide/workdir" "-e" "CARGO_TARGET_DIR=/opt/rustwide/target" "-e" "CARGO_INCREMENTAL=0" "-e" "RUST_BACKTRACE=full" "-e" "RUSTFLAGS=--cap-lints=forbid" "-e" "CARGO_HOME=/opt/rustwide/cargo-home" "-e" "RUSTUP_HOME=/opt/rustwide/rustup-home" "-w" "/opt/rustwide/workdir" "-m" "1610612736" "--user" "0:0" "--network" "none" "ghcr.io/rust-lang/crates-build-env/linux@sha256:20528e8c29e4536546f0102ce88568b16ea7538393a33fcca951030f7af10457" "/opt/rustwide/cargo-home/bin/cargo" "+881c1ac408d93bb7adaa3a51dabab9266e82eee8" "test" "--frozen" "--no-run" "--message-format=json", kill_on_drop: false }`
[INFO] [stdout] 3041161b88362ecf4fdc92370b7c6d98d6de18399d3c827b831e9b7e31a70708
[INFO] [stderr] WARNING: Your kernel does not support swap limit capabilities or the cgroup is not mounted. Memory limited without swap.
[INFO] running `Command { std: "docker" "start" "-a" "3041161b88362ecf4fdc92370b7c6d98d6de18399d3c827b831e9b7e31a70708", kill_on_drop: false }`
[INFO] [stderr]    Compiling parity_stuff v0.1.0 (/opt/rustwide/workdir)
[INFO] [stdout] warning: unused import: `Points`
[INFO] [stdout]  --> src/influx.rs:6:39
[INFO] [stdout]   |
[INFO] [stdout] 6 | use influx_db_client::{Client, Point, Points, point, Value, Precision};
[INFO] [stdout]   |                                       ^^^^^^
[INFO] [stdout]   |
[INFO] [stdout]   = note: `#[warn(unused_imports)]` on by default
[INFO] [stdout] 
[INFO] [stdout] 
[INFO] [stdout] warning: unused imports: `Future`, `Stream`
[INFO] [stdout]  --> src/types.rs:6:21
[INFO] [stdout]   |
[INFO] [stdout] 6 | use web3::futures::{Future, Stream};
[INFO] [stdout]   |                     ^^^^^^  ^^^^^^
[INFO] [stdout] 
[INFO] [stdout] 
[INFO] [stdout] warning: unused imports: `Http`, `WebSocket`
[INFO] [stdout]  --> src/types.rs:7:24
[INFO] [stdout]   |
[INFO] [stdout] 7 | use web3::transports::{Http, WebSocket}; 
[INFO] [stdout]   |                        ^^^^  ^^^^^^^^^
[INFO] [stdout] 
[INFO] [stdout] 
[INFO] [stdout] warning: use of deprecated associated function `types::web3::futures::Future::boxed`: removed without replacement, recommended to use a local extension trait or function if needed, more details in https://github.com/rust-lang-nursery/futures-rs/issues/228
[INFO] [stdout]    --> src/main.rs:308:11
[INFO] [stdout]     |
[INFO] [stdout] 308 |         ).boxed()
[INFO] [stdout]     |           ^^^^^
[INFO] [stdout]     |
[INFO] [stdout]     = note: `#[warn(deprecated)]` on by default
[INFO] [stdout] 
[INFO] [stdout] 
[INFO] [stdout] error[E0308]: mismatched types
[INFO] [stdout]    --> src/influx.rs:216:53
[INFO] [stdout]     |
[INFO] [stdout] 216 |         let info: GuCardInfo = super::get_card_info(304).unwrap();
[INFO] [stdout]     |                                                     ^^^ expected `&serde_json::Value`, found integer
[INFO] [stdout] 
[INFO] [stdout] 
[INFO] [stdout] error[E0599]: no method named `unwrap` found for struct `types::GuCardInfo` in the current scope
[INFO] [stdout]    --> src/influx.rs:216:58
[INFO] [stdout]     |
[INFO] [stdout] 216 |         let info: GuCardInfo = super::get_card_info(304).unwrap();
[INFO] [stdout]     |                                                          ^^^^^^ method not found in `types::GuCardInfo`
[INFO] [stdout]     | 
[INFO] [stdout]    ::: src/types.rs:94:1
[INFO] [stdout]     |
[INFO] [stdout] 94  | pub struct GuCardInfo  {
[INFO] [stdout]     | --------------------- method `unwrap` not found for this
[INFO] [stdout] 
[INFO] [stdout] 
[INFO] [stdout] error[E0599]: the method `to_string` exists for enum `Option<types::Tribe>`, but its trait bounds were not satisfied
[INFO] [stdout]    --> src/influx.rs:222:32
[INFO] [stdout]     |
[INFO] [stdout] 222 |           assert_eq!( info.tribe.to_string(), "Nether" );
[INFO] [stdout]     |                                  ^^^^^^^^^ method cannot be called on `Option<types::Tribe>` due to unsatisfied trait bounds
[INFO] [stdout]     |
[INFO] [stdout]     = note: the following trait bounds were not satisfied:
[INFO] [stdout]             `Option<types::Tribe>: std::fmt::Display`
[INFO] [stdout]             which is required by `Option<types::Tribe>: ToString`
[INFO] [stdout] 
[INFO] [stdout] 
[INFO] [stdout] warning: unused import: `Transport`
[INFO] [stdout]  --> src/main.rs:2:24
[INFO] [stdout]   |
[INFO] [stdout] 2 | use web3::{transports, Transport}; 
[INFO] [stdout]   |                        ^^^^^^^^^
[INFO] [stdout] 
[INFO] [stdout] 
[INFO] [stdout] error: aborting due to 3 previous errors; 5 warnings emitted
[INFO] [stdout] 
[INFO] [stdout] 
[INFO] [stdout] Some errors have detailed explanations: E0308, E0599.
[INFO] [stdout] 
[INFO] [stdout] For more information about an error, try `rustc --explain E0308`.
[INFO] [stdout] 
[INFO] [stderr] error: could not compile `parity_stuff`
[INFO] [stderr] 
[INFO] [stderr] To learn more, run the command again with --verbose.
[INFO] running `Command { std: "docker" "inspect" "3041161b88362ecf4fdc92370b7c6d98d6de18399d3c827b831e9b7e31a70708", kill_on_drop: false }`
[INFO] running `Command { std: "docker" "rm" "-f" "3041161b88362ecf4fdc92370b7c6d98d6de18399d3c827b831e9b7e31a70708", kill_on_drop: false }`
[INFO] [stdout] 3041161b88362ecf4fdc92370b7c6d98d6de18399d3c827b831e9b7e31a70708
